Let m be z(-5). What is the greatest common factor of m and k?
20
Let j(b) = -b**3 + 40*b**2 - 71*b - 160. Let z be j(38). Calculate the highest common factor of z and 585.
15
Suppose -4*p + 9*p = 260. Suppose 14*r = 12*r + p. Calculate the highest common divisor of r and 65.
13
Let f(r) = r**3 + 12*r**2 - r - 5. Let l be f(-12). Let m = 97 - 58. Let i be (m + 3)*(-1)/(-2). What is the highest common factor of l and i?
7
Let g = 21 + -10. Let r = -18 - -16. Let t be (99/r)/((-11)/22). Calculate the greatest common factor of t and g.
11
Suppose 18*m - 1339 = 23969. Calculate the highest common divisor of m and 74.
74
Let q(r) = r**2 - 3*r - 7. Let b be (10/4)/((-1)/(-2)). Let d be q(b). Let j be 40 - (d + (-4)/(-4)). Calculate the highest common divisor of j and 18.
18
Let z(i) = i**3 + 13*i**2 + 3. Let j be z(-13). Suppose 48 = j*y - 27. What is the greatest common divisor of 10 and y?
5
Suppose -4*d = -50 + 14. Suppose 6*x - d = -3*x. What is the highest common divisor of x and 10?
1
Let z(i) = 7*i - 128. Let g be z(21). Calculate the greatest common factor of 209 and g.
19
Suppose -7*y + 844 = 606. What is the greatest common divisor of 4 and y?
2
Suppose 0 = -662*w + 650*w + 360. What is the greatest common factor of w and 498?
6
Suppose -22 = 7*m - 78. Let u = 4 + 20. What is the highest common factor of u and m?
8
Let r = -83 - -87. Let b be (-195)/(-27) - (-4)/(-18). Let d = r + b. What is the highest common divisor of d and 99?
11
Suppose -v + 979 = -2*y, 0 = 2*v + 4*y - 717 - 1281. What is the greatest common divisor of 69 and v?
23
Suppose 2*s = s - 2*x + 8, 0 = s + 5*x - 23. Let v be s/8 - 1164/(-48). What is the highest common factor of v and 3?
3
Let o(q) be the first derivative of -3 + 10*q - 3/2*q**2. Let i be o(-10). What is the highest common factor of i and 16?
8
Let j = 1055 - 251. What is the highest common divisor of j and 12?
12
Suppose 0 = -5*i - 5*h - 10, 16 = -2*i - 7*h + 2*h. Let v be (-17 + 2)*16/20. Let y be ((-8)/(-10))/(v/(-60)). Calculate the highest common factor of y and i.
2
Let i be (-394)/(-6) - 20/(-30)*-1. Calculate the highest common divisor of i and 52.
13
Suppose -x + 7*g - 3*g = 52, 2*x + 74 = 2*g. Let a be (-3 - 1)/(4/x). Calculate the greatest common divisor of 4 and a.
4
Let u = 13 - 11. Suppose 3*w + 2*g + 2*g - 43 = 0, -37 = -5*w + u*g. Calculate the greatest common factor of w and 9.
9
Let s(l) = -4*l + 2. Let f be s(-7). Suppose m = f + 4. Let p = 72 - m. What is the highest common factor of p and 19?
19
Suppose 399*v + 30 = 400*v. Calculate the highest common factor of v and 30.
30
Let l(c) = c + 12. Let r be l(-4). Suppose 0 = -9*k + r*k + 16. Calculate the greatest common divisor of k and 16.
16
Suppose -13 = -3*u - 2*j + 4*j, -2*u + 22 = 2*j. Suppose -u*x + 0 = 154. Let o = -5 - x. Calculate the highest common factor of 51 and o.
17
Let b = 138 - 1. Let d be (b + 1)/3 - -2. Suppose -3*n + 2*f + 121 = -3*f, 0 = 2*f + 10. What is the greatest common factor of n and d?
16
Let y(d) = d**2 - 14*d + 18. Suppose -s + 4*l = -7, l + 28 = -2*s + 4*s. Suppose -3*g + s = -27. Let m be y(g). Calculate the highest common factor of m and 54.
18
Let g be 6/(-45) - (-752)/240. What is the greatest common divisor of g and 6?
3
Let q be (-67)/1 + (-72)/(-18). Let d = q + 96. Let r be 2*((-1)/(-2) - -1). What is the highest common divisor of r and d?
3
Let h be -1 + (-177)/(-21) - (-76)/133. Suppose 4*o - 172 = -2*z - z, 2*o - 54 = -z. What is the greatest common factor of z and h?
8
Let p(u) = u**3 - 24*u**2 - 2*u + 55. Let m be p(24). What is the greatest common factor of 28 and m?
7
Let b(u) = 8*u + 33. Let x be b(-3). Calculate the greatest common factor of 45 and x.
9
Let s(w) = 4*w**2 + 15*w + 34. Let p be s(-11). Suppose 354*z = p*z + 374. What is the greatest common factor of z and 34?
34
Let k = -50 - -50. Suppose k = v - 11 + 7. Suppose 2*c = -6*g + 4*g + 18, 5*c = g + 27. Calculate the greatest common factor of v and c.
2
Suppose 13*d - 48 = 264. Calculate the highest common factor of 32 and d.
8
Let k be (-1)/4 - (-1938)/8. Let y be 26 + ((-42)/(-7) - 10). Calculate the greatest common factor of k and y.
22
Let k be (-2)/(2*(-8)/192). Calculate the greatest common divisor of k and 108.
12
Let s(i) = -i**3 + 9*i**2 - 10*i + 6. Let p be s(7). Suppose n = 105 + 99. Calculate the greatest common divisor of n and p.
34
Let l = -167 + 319. What is the greatest common divisor of 57 and l?
19
Suppose 0 = 3*p, 0*m + 8 = 2*m - p. Suppose 0 = m*g - 0*g - 864. Calculate the highest common factor of 24 and g.
24
Let n = 890 - 506. Calculate the greatest common factor of n and 24.
24
Let i = -168 - -243. Calculate the greatest common divisor of 6 and i.
3
Let y be (-27)/(-2) - (-1)/2. Let x be (21/y)/((-1)/(-134)). Let s be x/7 - (-2)/7. What is the greatest common factor of 319 and s?
29
Let v(n) = -8*n - 33. Let b be v(-12). Calculate the greatest common factor of 147 and b.
21
Let q(l) = l**2 - 10*l - 4 - 8 + 4. Suppose 6*h + 22 = 8*h. Let c be q(h). What is the greatest common factor of c and 27?
3
Let j = 85 - 60. Let d(h) = -h**3 - 10*h**2 + 12*h + 15. Let t be d(-11). Suppose -b = -t*b + 375. Calculate the greatest common divisor of j and b.
25
Let g be 90/15*(-46)/(-6). What is the highest common factor of 391 and g?
23
Let f(c) = -c**3 + 2*c**2 + 24*c + 10. Let i be f(-4). What is the highest common factor of i and 20?
10
Let s(k) = 23*k - 37. Let v be s(3). Calculate the greatest common divisor of 800 and v.
32
Let l = -374 + 542. Suppose 16*j - 15*j = 21. Suppose j = 9*m - 195. What is the greatest common divisor of l and m?
24
Let c(i) = -5*i - 20. Let y be c(-4). Suppose 30*u - 26*u - 16 = y. What is the highest common divisor of 6 and u?
2
Suppose 0*q = -q + 20. Let s(x) = x**3 + 3. Suppose 18 = 4*m + 3*l, -l + 12 = 2*m + 2*l. Let v be s(m). What is the greatest common divisor of v and q?
10
Let x be 10/6*(4 - 1). Suppose -3 = x*o - 13. Suppose -o*m + 131 - 1 = 0. Calculate the greatest common factor of m and 26.
13
Let k(v) = v**2 - 6*v + 5. Suppose -7 = -b - 1. Let a be k(b). Calculate the greatest common divisor of a and 1.
1
Let p = 44 - 26. Suppose 7 = 3*b - 4*s, -5*b - 2*s + 20 = -7*s. What is the greatest common factor of b and p?
9
Let y(w) = w**3 + 4*w**2 - 2*w + 40. Let t be y(0). What is the highest common divisor of t and 10?
10
Suppose -3*m = -b - 2*m + 2, 4*m - 8 = 0. Suppose -5*r + 10 + 11 = b*q, -5*q = -2*r - 51. What is the highest common divisor of 1 and q?
1
Let z(r) = r**3 - 2*r**2 + 5*r + 6. Let d be z(5). Let j = d - 78. What is the greatest common divisor of j and 14?
14
Let s be -69*22/(-12)*2. Let l be 91/4 - (-19)/76. Suppose 0 = -5*g, -2*g - 2*g = r - l. Calculate the greatest common divisor of s and r.
23
Suppose -10 = 2*q - 36. Let s be 2 + (-1)/1 - 65. Let d = s - -116. What is the highest common factor of d and q?
13
Let q = -158 + 168. Calculate the highest common factor of 290 and q.
10
Let a = 1 + 14. Suppose 0 = 2*v - 6. Suppose -v*d = 41 - 86. What is the highest common factor of a and d?
15
Let x be (198/27)/(2/(-3)). Let i be (-300)/(-44) - 2/x. Let k be 114/i + 18/(-63). Calculate the highest common divisor of k and 2.
2
Suppose -2 = -2*o, -l - 5*o = 1 - 54. Let r be (1/(-2))/((-24)/l). Calculate the greatest common divisor of 1 and r.
1
Let l = -2015 - -2245. Calculate the greatest common factor of l and 736.
46
Suppose 0 = 17*l - 13 - 157. Let y = 247 + -117. Calculate the highest common factor of y and l.
10
Suppose x = 0, 5*m + x = -0*m + 40. Let h be 8/(-2) - (-18 - m). What is the greatest common factor of 99 and h?
11
Suppose 4*f = 7*f - 57. Let y(i) = 7*i**2 + i**2 - 8*i + 5 - i**2. Let v be y(6). Calculate the greatest common divisor of v and f.
19
Suppose 3*k + 899 = a, -4*a = 8*k - 12*k - 3572. Calculate the greatest common divisor of a and 267.
89
Suppose -t - t = -4. Suppose 3*p - p - q = 33, 3*p = -q + 37. Calculate the greatest common divisor of p and t.
2
Suppose t - 2*t = 0. Let s be 179 + (1 + t)*-3. Suppose 3*z = 3*b + 138, -4*z + 0*z = -2*b - s. What is the greatest common factor of 6 and z?
6
Suppose 0 = 2*f - 4*f + 10. Let r = 6910 - 6900. Calculate the greatest common factor of f and r.
5
Suppose -5*t + 2*h + 180 = 0, -2*t + 2*h = -t 